. What are the prime factors of u?
2, 223
Suppose -2340 = -25*c + 16*c. List the prime factors of c.
2, 5, 13
Suppose 2*h = s - 855, 5*s - 5284 = -4*h - 967. What are the prime factors of s?
3, 7, 41
Suppose 0 = -18*h + 112 + 248. What are the prime factors of h?
2, 5
Suppose -1 - 47 = 4*n. Let t = n + 12. What are the prime factors of -3 + 54/3 + t?
3, 5
Let g = 14 + -36. List the prime factors of (-3714)/g + 4/22.
13
Let w = 156 - 144. What are the prime factors of w?
2, 3
Suppose g + 82 = -3*c - 3*g, -g = -3*c - 77. Let v(l) = -3*l - 47. What are the prime factors of v(c)?
31
Let j(w) = 10*w**2 + 27*w - 24. What are the prime factors of j(12)?
2, 3, 5, 29
Let u = 20 + 2. Suppose 3*k + u = b - 2*k, 2*k + 105 = 3*b. What are the prime factors of b?
37
Let k = -22 + 17. Let z = 2 - k. List the prime factors of 376/z + (-2)/(-7).
2, 3
Let b = 20 - 15. Let d be (3 - b)/(2/(-9)). Suppose d*t - 259 = 2*t. List the prime factors of t.
37
Suppose -3*u + 759 = 249. Suppose 0 = 6*o - u - 496. List the prime factors of o.
3, 37
Let k = 101 + 457. Let m = -315 + k. List the prime factors of m.
3
Let h(s) = 2*s**3 + 31*s**2 - 29*s - 3. List the prime factors of h(-15).
3, 73
Let c(d) = -5*d**3 - d**2 + 4*d - 6. Let i be 4/((-2)/2) - -7. Let l be c(i). Let b = 197 + l. List the prime factors of b.
59
Suppose -a + 392 = -3*l - 246, 0 = 3*a - 5*l - 1906. What are the prime factors of a?
2, 79
Suppose -12 = -4*t - 4*y + 16, -2*t + y = -2. Suppose -t*f + 38 = -157. What are the prime factors of f?
5, 13
Suppose -2*c + 13 = -7. Suppose -c = -x - 4. List the prime factors of x.
2, 3
Let y(h) = 53*h**2 + 14*h - 25. List the prime factors of y(-5).
2, 3, 5, 41
Let z(g) = -9*g**2 + 8*g - 13. Let c(y) = -8*y**2 + 7*y - 13. Let n(a) = -7*c(a) + 6*z(a). Let o be n(10). Let l = o - 133. What are the prime factors of l?
2, 5, 7
Suppose 2*q + j + 9 = 0, 4*q - j = 3*j. Suppose 0 = r + 4*t - 36, -5*r - t = -27 - 58. Let v = r - q. What are the prime factors of v?
19
Let d be 56/3 + (-16)/24. Suppose d*i + 20 = 14*i. Let g(m) = -11*m - 11. List the prime factors of g(i).
2, 11
Suppose 0 = -c - 2*v + 9 - 0, 0 = 2*v - 6. List the prime factors of ((-69)/6 + c)/(3/(-6)).
17
Let t = 1301 - 660. What are the prime factors of t?
641
Suppose -4*z - 2*b - 4 = 0, -6 = -z + 6*z + 3*b. Let r(w) = w**3 + w - 21. Let k be r(z). Let j = -13 - k. What are the prime factors of j?
2
Let u(k) = -14*k + 5. Let i be u(0). Let y(n) = 2*n**2 - 5*n + 1. List the prime factors of y(i).
2, 13
Let k(a) = -a**2 + 13*a - 7. Let t be k(12). Suppose -2*r - 3 = t, 0 = g + r - 5. List the prime factors of g.
3
Suppose 0 = 4*n + 16, 0 = -5*g - 17*n + 19*n + 4963. List the prime factors of g.
991
Suppose -18*f + 102 = 2*b - 23*f, 5*f + 194 = 4*b. List the prime factors of b.
2, 23
Suppose 8248 = 14*s - 6*s. Suppose -289 = 14*z - s. What are the prime factors of z?
53
Suppose s = -3*d - 11 - 2, -4*d + s - 22 = 0. Let c(m) = -m**3 - 6*m**2 - 11*m. Let i(j) = j - 1. Let t(r) = d*i(r) - c(r). List the prime factors of t(-4).
13
Let y(f) = -f**3 - 8*f**2 - 14*f + 12. Let c be y(-9). Suppose -d + 4*d - 661 = 4*k, k + c = d. List the prime factors of d.
5, 43
Let p = -736 + 4400. What are the prime factors of p?
2, 229
Let o be (-27)/(-63) + (-102)/(-7). Let w(n) = n**3 - 13*n**2 - 22*n + 21. What are the prime factors of w(o)?
3, 47
Let a(o) be the third derivative of -o**5/60 - o**4/8 - 5*o**3/3 + 6*o**2. Let s be a(-7). Let z = -23 - s. What are the prime factors of z?
3, 5
Let l be 16/4 - (-3 + -46). Suppose -3*j = 2*y + 2*y - l, 3*y - 43 = j. Suppose -13*q = -y*q + 54. List the prime factors of q.
2, 3
Let o be ((-2)/4)/(12/216). Let x = o + 122. What are the prime factors of x?
113
Let h = 763 - -489. What are the prime factors of h?
2, 313
Let y(p) = -p + 5. Let s(a) = -a + 4. Let w(g) = 6*s(g) - 5*y(g). List the prime factors of w(-9).
2
Let s = 144 - 98. Suppose 2*p = s + 26. Suppose p + 72 = 3*z. What are the prime factors of z?
2, 3
Let p(q) = 8*q**2 - 3*q + 2. Let n(s) = -s**3 - s + 2. Let d be n(0). List the prime factors of p(d).
2, 7
Let u(k) = k**3 - 2*k**2 - k - 3. Let x be u(0). Let v be x/3*(-15)/5. Suppose -6 - 9 = -v*o. What are the prime factors of o?
5
Let l = -36 + 40. Suppose 5*z = -2*c + 144, 4*c + 0*c - 288 = l*z. What are the prime factors of c?
2, 3
Suppose 2*m - 3*i = 179, -i = 4*m - 3*m - 87. Suppose -2*h = -252 + m. Let u = h + -50. List the prime factors of u.
2
Let z = -97 + 104. Suppose 0 = -z*d + 10*d - 15. What are the prime factors of d?
5
Let c(m) = -50*m + 12*m + 3 + 18*m + 18*m. List the prime factors of c(-7).
17
Let a(b) = -25*b - 1. Let i be -4 - (3 - (2 + 4)). Let r be (i + 0)*(-1)/(-1). What are the prime factors of a(r)?
2, 3
Suppose 119*j - 356376 - 33587 = 0. List the prime factors of j.
29, 113
Suppose 7*f = 36 + 27. Suppose -64 = -10*a + f*a. List the prime factors of a.
2
Let n(f) = f**2 - 1. Let u(t) = 15*t**2 + t - 8. Let d(o) = -6*n(o) + u(o). List the prime factors of d(-2).
2
Suppose 0 = 2780*l - 2782*l + 7000. List the prime factors of l.
2, 5, 7
Let x(y) = -4*y + 12 - 8 + 6. Let d be x(-6). Suppose d = 4*l - 2*l. What are the prime factors of l?
17
Let k = 1822 - 1002. List the prime factors of k.
2, 5, 41
Let v be (-2)/(-6)*(0 - -129). Let y = -8 - -13. Suppose -32 = -y*f + v. What are the prime factors of f?
3, 5
Let z(o) = 7*o**3 + 3*o**2 + o - 1. Let t be z(3). Let d = -117 + t. What are the prime factors of d?
101
Let z = 26 + -23. Suppose 0*p = -z*p + 9. List the prime factors of 24/p*(-33)/(-6).
2, 11
Let v(a) = 4*a - 3. Let q be v(-3). Let s be ((-10)/q)/((-1)/3). List the prime factors of ((-30)/10)/(s/42).
3, 7
Let m(a) be the third derivative of -5*a**4/12 - 10*a**3/3 + 4*a**2. What are the prime factors of m(-9)?
2, 5, 7
Let z(a) = a + 6. Let d be z(-3). Let n be (1 - (-57)/d) + 0. Let g(q) = q**2 - 17*q + 20. List the prime factors of g(n).
2, 5
Let z(s) = s**2 - s + 36. Suppose 40 = -3*y - 2*j + j, 2*y + 4 = 5*j. What are the prime factors of z(y)?
2, 3
Suppose j + u - 947 = -0*u, 4*u - 2843 = -3*j. What are the prime factors of j?
3, 5, 7
Let n(t) = 49*t + 33. Let y be n(5). Let r = y + -151. List the prime factors of r.
127
Let n = 1407 - 924. What are the prime factors of n?
3, 7, 23
Let u(n) = 10*n**2 - 10*n + 101. List the prime factors of u(6).
401
Suppose -h = 3*j - 1105, -6 = -2*h - 10. What are the prime factors of j?
3, 41
Let k(z) = 86*z + 14. What are the prime factors of k(7)?
2, 7, 11
List the prime factors of (4/8 + 3)/((-7)/(-5306)).
7, 379
Let j(o) = -o**2 - 16*o - 19. Let m be j(8). Let v = 324 + m. List the prime factors of v.
113
Suppose 0 = -207*j + 216*j - 4284. What are the prime factors of j?
2, 7, 17
Let v(c) = -14 - 135*c + 69*c + 69*c. List the prime factors of v(9).
13
Suppose 928 = 4*g - 14*k + 12*k, 2*g + 4*k - 454 = 0. What are the prime factors of g?
3, 7, 11
Let m = 989 + -361. What are the prime factors of m?
2, 157
Suppose 4*v - 486 = -h, 6*h - 5*v + 2415 = 11*h. List the prime factors of h.
2, 241
Suppose -3*k = 3*q - 219, -3*k - 2*k + 15 = 0. Let i = q - 38. What are the prime factors of i?
2
Let v(s) = -27*s - 5. Let b be 1*(-3 + 0 - 0). What are the prime factors of v(b)?
2, 19
List the prime factors of (26/(-52))/(2/(-1684)).
421
Let d = 1021 + -72. List the prime factors of d.
13, 73
Suppose 0*m = 2*y + m - 184, 2*y - 2*m = 190. List the prime factors of y.
3, 31
Let b = -50 - -34. Let w = b + 155. Let q = -92 + w. List the prime factors of q.
47
Let z be (-2)/6*3*(-3)/1. Suppose 0*b = b, -z*b = -4*w + 484. List the prime factors of w.
11
Let r(j) = -5*j - 2. Let q(x) = x**2 - 8*x - 7. Let g be q(10). Suppose g*y + 3 = 12*y. List the prime factors of r(y).
13
Suppose 0 = -2*y + 4. Suppose -2*n + 4*k = 3 + 3, 2*k = -y*n - 24. List the prime factors of 4/3*n/(-6).
2
Let x = -42 - -44. Suppose -3*b - x*s - 176 = -5*b, 2*s + 10 = 0. What are the prime factors of b?
83
Let b(z) = -z**2 - z - 1. Let u(h) = -13*h - 20. Let f(d) = b(d) - u(d). Let m be f(13). Suppose -w = -v - m - 16, -4*v = 16. List the prime factors of w.
2, 3
Let f be 1 + -1 + (-2)/(-1). Suppose -34*b - 2*m = -37*b + 583, 199 = b + 4*m. Suppose b = s + f*s. List the prime factors of s.
5, 13
List the prime factors of 6044388/940 - 2/1